{"id":544,"date":"2023-10-28T09:59:31","date_gmt":"2023-10-28T06:59:31","guid":{"rendered":"https:\/\/tukiry.net\/?page_id=544"},"modified":"2025-04-02T22:44:34","modified_gmt":"2025-04-02T19:44:34","slug":"syyspimennykset","status":"publish","type":"page","link":"https:\/\/tukiry.net\/?page_id=544","title":{"rendered":"SyysPimennykset"},"content":{"rendered":"\n<p>SyysPimennys on yhdistyksen oma matalan kynnyksen kaikille Suomen Ampumaurheiluliiton tai Reservil\u00e4isliiton kilpailulisenssin omaaville tarkoitettu avoin 300 m kiv\u00e4\u00e4rin kilpailu &#8211; my\u00f6s ampujille, joilla ei ole omaa asetta. Yhdistyksell\u00e4 on laina-aseita, joita saa lainata veloituksetta. Sarjoja on yksi yhteinen kaikille.<\/p>\n\n\n\n<p>Vuoden 2024 SyysPimennyksess\u00e4 on mahdollista kilpailla lis\u00e4ksi Avoimessa luokassa, joissa ei ole muita rajoitteita kuin, ett\u00e4 aseen oltava kiv\u00e4\u00e4ri ja max kaliiperi 8 mm. Avoin kilpailu sopii kaikille, niin vakio- tai vapaakiv\u00e4\u00e4riampujille, PRS-ampujille, mets\u00e4st\u00e4jille kuin reservil\u00e4isillekin. Avoin kilpailu ammutaan makuulta <strong><span style=\"text-decoration: underline;\">pime\u00e4ll\u00e4<\/span><\/strong> vain tauluvalojen loisteessa.<\/p>\n\n\n\n<h2 class=\"wp-block-heading\"><strong>Syyspimennys 2024<\/strong><\/h2>\n\n\n\n<p>23.11.2024 j\u00e4rjestett\u00e4v\u00e4 SyysPimennys on j\u00e4rjestyksess\u00e4\u00e4n toinen. Uutuutena kilpailussa on Kew\u00e4t Pamauksesta tuttu avoin kilpailu B. Edellisest\u00e4 SyysPimennyksest\u00e4 saadun palautteen my\u00f6t\u00e4 kilpailu A (diopterit\u00e4ht\u00e4imin ammuttava) ammutaan valoisan aikaan ja uusi kilpailu B (avoin kilpailu) ammutaan pime\u00e4n aikaan.<\/p>\n\n\n\n<p>Meill\u00e4 oli ilo saada paikan p\u00e4\u00e4lle <a href=\"https:\/\/www.teuvolouhisola.fi\/\">Teuvo Louhisolan<\/a>. Teuvo Louhisola on mets\u00e4stys- ja ampumaurheiluaseiden sek\u00e4 tarvikkeiden- maahantuontiyritys, joka on palvellut suomalaisia kuluttajia ammattitaidolla jo vuodesta 1957 l\u00e4htien.<\/p>\n\n\n\n<div class=\"wp-block-buttons is-layout-flex wp-block-buttons-is-layout-flex\">\n<div class=\"wp-block-button is-style-outline is-style-outline--1\"><a class=\"wp-block-button__link wp-element-button\" href=\"https:\/\/tukiry.net\/wp-content\/uploads\/2024\/10\/Kilpailukutsu-SyysPimennys-2024.pdf\">KILPAILUKUTSU<\/a><\/div>\n<\/div>\n\n\n\n<div class=\"wp-block-buttons is-layout-flex wp-block-buttons-is-layout-flex\">\n<div class=\"wp-block-button is-style-outline is-style-outline--2\"><a class=\"wp-block-button__link wp-element-button\" href=\"https:\/\/tukiry.net\/wp-content\/uploads\/2024\/11\/Syyspimennys-2024-lopputulokset-nimet-lyhennetty.pdf\">TULOKSET<\/a><\/div>\n<\/div>\n\n\n\n<p><\/p>\n\n\n\n<figure class=\"wp-block-image size-full is-resized\"><a href=\"https:\/\/www.teuvolouhisola.fi\/\"><img loading=\"lazy\" decoding=\"async\" width=\"1024\" height=\"401\" src=\"https:\/\/tukiry.net\/wp-content\/uploads\/2025\/04\/TeuvoLouhisola_logo.png\" alt=\"\" class=\"wp-image-739\" style=\"width:500px\" srcset=\"https:\/\/tukiry.net\/wp-content\/uploads\/2025\/04\/TeuvoLouhisola_logo.png 1024w, https:\/\/tukiry.net\/wp-content\/uploads\/2025\/04\/TeuvoLouhisola_logo-300x117.png 300w, https:\/\/tukiry.net\/wp-content\/uploads\/2025\/04\/TeuvoLouhisola_logo-768x301.png 768w\" sizes=\"auto, (max-width: 1024px) 100vw, 1024px\" \/><\/a><\/figure>\n\n\n\n<p><\/p>\n\n\n\n<h2 class=\"wp-block-heading\"><strong>Syyspimennys 2023<\/strong><\/h2>\n\n\n\n<p>25.11.2023 j\u00e4rjestett\u00e4v\u00e4 SyysPimennys oli ensimm\u00e4inen lajissaan! Kilpailijat kokivat uuden pimeyselementin verrattain haastavaksi.<\/p>\n\n\n\n<div class=\"wp-block-buttons is-layout-flex wp-block-buttons-is-layout-flex\">\n<div class=\"wp-block-button is-style-outline is-style-outline--3\"><a class=\"wp-block-button__link wp-element-button\" href=\"https:\/\/tukiry.net\/wp-content\/uploads\/2023\/10\/Kilpailukutsu-SyysPimennys-2023.pdf\">KILPAILUKUTSU<\/a><\/div>\n<\/div>\n\n\n\n<div class=\"wp-block-buttons is-layout-flex wp-block-buttons-is-layout-flex\">\n<div class=\"wp-block-button is-style-outline is-style-outline--4\"><a class=\"wp-block-button__link wp-element-button\" href=\"https:\/\/tukiry.net\/wp-content\/uploads\/2023\/11\/SyysPimennys-2023-lopputulokset.pdf\">TULOKSET<\/a><\/div>\n<\/div>\n\n\n\n<p><\/p>\n","protected":false},"excerpt":{"rendered":"<p>SyysPimennys on yhdistyksen oma matalan kynnyksen kaikille Suomen Ampumaurheiluliiton tai Reservil\u00e4isliiton kilpailulisenssin omaaville tarkoitettu avoin 300 m kiv\u00e4\u00e4rin kilpailu &#8211; my\u00f6s ampujille, joilla ei ole omaa asetta. Yhdistyksell\u00e4 on laina-aseita, joita saa lainata veloituksetta. Sarjoja on yksi yhteinen kaikille. Vuoden 2024 SyysPimennyksess\u00e4 on mahdollista kilpailla lis\u00e4ksi Avoimessa luokassa, joissa ei &hellip; <\/p>\n","protected":false},"author":1,"featured_media":540,"parent":0,"menu_order":0,"comment_status":"closed","ping_status":"closed","template":"","meta":{"footnotes":""},"class_list":["post-544","page","type-page","status-publish","has-post-thumbnail","hentry"],"_links":{"self":[{"href":"https:\/\/tukiry.net\/index.php?rest_route=\/wp\/v2\/pages\/544","targetHints":{"allow":["GET"]}}],"collection":[{"href":"https:\/\/tukiry.net\/index.php?rest_route=\/wp\/v2\/pages"}],"about":[{"href":"https:\/\/tukiry.net\/index.php?rest_route=\/wp\/v2\/types\/page"}],"author":[{"embeddable":true,"href":"https:\/\/tukiry.net\/index.php?rest_route=\/wp\/v2\/users\/1"}],"replies":[{"embeddable":true,"href":"https:\/\/tukiry.net\/index.php?rest_route=%2Fwp%2Fv2%2Fcomments&post=544"}],"version-history":[{"count":19,"href":"https:\/\/tukiry.net\/index.php?rest_route=\/wp\/v2\/pages\/544\/revisions"}],"predecessor-version":[{"id":745,"href":"https:\/\/tukiry.net\/index.php?rest_route=\/wp\/v2\/pages\/544\/revisions\/745"}],"wp:featuredmedia":[{"embeddable":true,"href":"https:\/\/tukiry.net\/index.php?rest_route=\/wp\/v2\/media\/540"}],"wp:attachment":[{"href":"https:\/\/tukiry.net\/index.php?rest_route=%2Fwp%2Fv2%2Fmedia&parent=544"}],"curies":[{"name":"wp","href":"https:\/\/api.w.org\/{rel}","templated":true}]}}